e remainder when 7 is divided by j(h).
3
Let k = -46 + 48. Let i(j) = 3*j**3 - j**2 + 2. Let v = 13 + -7. Calculate the remainder when i(k) is divided by v.
4
Let h = 121 + -117. Suppose 4*y - 360 = -h*d, 5*y - 11*d - 426 = -10*d. What is the remainder when 166 is divided by y?
80
Let a(h) = 110*h**2 + 61*h - 3. Calculate the remainder when a(3) is divided by 83.
8
Let o = -3599 - -3684. Suppose 5*l - 11 + 1 = 0. Suppose l*c = -3*c + o. What is the remainder when 46 is divided by c?
12
Let f = 14164 - 11030. Calculate the remainder when f is divided by 121.
109
Let u(j) = j + 126. Calculate the remainder when 323 is divided by u(-60).
59
Calculate the remainder when 2131 is divided by (-4)/(-42) + (525330/(-189))/(-26).
98
Calculate the remainder when 2362 is divided by (-175)/(-4) + 30/(-40).
40
Suppose -4*n = -5*h + 61, 5*n = -5*h + 24 + 1. Suppose 0 = 2*g - h - 13. Let x = g + 58. Calculate the remainder when x is divided by 12.
9
Calculate the remainder when (-700)/(3 - 7) - (-459)/(-51) is divided by 163.
3
Let r = 29978 - 24923. What is the remainder when r is divided by 6?
3
Let s(w) = -5*w - 8. Let v = 58 - 49. Let k be s(v). Let f = k - -92. What is the remainder when f is divided by 20?
19
Suppose 4*s - 79 = -5*n, -5*n - 8 + 79 = -4*s. Suppose 9 = 5*d - 1. What is the remainder when 107 is divided by (d/(-5))/((-6)/n)*22?
19
Let f(t) = -t**3 + 7*t**2 + t - 2. Let q be f(7). Suppose -q*c + 3*v = 5*v - 3, -5*v = -4*c + 9. Calculate the remainder when c/(2 - 292/148) is divided by 14.
9
Suppose -4*q - 76 = y - 3*y, 3*q + 18 = 0. What is the remainder when 1350 is divided by y?
24
Let j be 4/(-6)*(6 + 75/10). Let o = j - -32. Calculate the remainder when 160 is divided by o.
22
Suppose 4*k = -3 + 15. Suppose -k*j - 37 = -25. Let p(n) = 3*n**2 + n - 4. What is the remainder when 77 is divided by p(j)?
37
Let u(l) = -l**2 - 14*l - 16. Let v(x) = 0*x + x + x + 19 + 2*x. Let q be v(-6). Calculate the remainder when u(q) is divided by 10.
9
Let u(g) = -36*g**2 - 396*g + 8. What is the remainder when 398 is divided by u(-11)?
6
Suppose -185*r - 448 = -186*r - 5*b, 3*b - 868 = -2*r. What is the remainder when r is divided by 146?
136
Let c be -1*(15/5 + -3) + -143. Let u = c - -157. Calculate the remainder when 148 is divided by u.
8
Let u be 1 + 5*(-7)/((-175)/(-1180)). Let j = u + 252. Let t(s) = -s**2 + 5. What is the remainder when j is divided by t(0)?
2
Let t be -1 + 1 + 1 + 448. Let c = t + -240. What is the remainder when c is divided by 21?
20
Suppose -2*k - 5 = -l, -2 + 1 = -l + 3*k. Let n(i) = -i**3 - 7*i**2 + 18*i + 7. What is the remainder when l is divided by n(-9)?
6
Let k = 36 - 16. Suppose -19*j + k*j = 3. Suppose 3*h - 6 = 3*v, 2 - 1 = h - 2*v. What is the remainder when h is divided by j?
0
Suppose 69*d - 62*d = 14. Suppose 3*c + d*h - 682 = 0, 4*h - 187 = 3*c - 893. Calculate the remainder when c is divided by 59.
53
Suppose -35 = -5*t + 3*t - 3*o, 0 = 4*t + 3*o - 61. Let q = t + 37. Suppose 9*u + 2*u - 153 = 2*u. Calculate the remainder when q is divided by u.
16
Let l(o) = -460*o + 715. What is the remainder when 1433 is divided by l(0)?
3
Suppose j + 5*l = 12 + 32, -5*l + 63 = 2*j. Suppose m - 2*g = 94, 4*g = -16*m + 21*m - 470. What is the remainder when m is divided by j?
18
Let q = 20 + -93. Let u = 75 + q. Calculate the remainder when 90 is divided by u*31*(-7)/(-14).
28
Let n(p) = -1083*p - 9313. Calculate the remainder when n(-13) is divided by 433.
3
Let c = 14 + -9. Suppose -c*o = -3*o - 90. Suppose 101*p - 238 - 272 - 702 = 0. Calculate the remainder when o is divided by p.
9
Let a(l) = 12*l**2 + 95*l + 1087. What is the remainder when a(-12) is divided by 13?
11
Suppose -x + 52 = -4*o, 3*x + 5*o = 4*o + 221. Suppose -7*b - 407 + 582 = 0. What is the remainder when x is divided by b?
22
Suppose 50*g = 102*g - 5668. What is the remainder when 5556 is divided by g?
106
Let b = -34 + 38. Suppose -b*r + y = -13, -r + 23 = -2*r - 5*y. Calculate the remainder when (1 + 0 - -1) + 3 is divided by r.
1
Suppose 10*q - 306 - 264 = 0. Calculate the remainder when q is divided by (((-1320)/84)/11)/(1/(-14)).
17
Let d = -38 - -46. Suppose -4*s = 3*t - d - 28, -17 = -t - 3*s. Suppose l - 18 = -2*x, 4*l - 5*x = -0 + 33. Calculate the remainder when l is divided by t.
4
Let o(c) = -110*c**3 + 5*c**2 - 8*c + 3. Let s be o(1). Let k = s - -143. What is the remainder when k is divided by 9?
6
Suppose 119*t - 10267 = -2444 + 8718. Calculate the remainder when t is divided by 9.
4
Calculate the remainder when (-6)/(-8)*(643 - (-23 + 38)) is divided by 225.
21
What is the remainder when 230 is divided by (3 - -2) + -6 + 14 + -10 + 95?
34
Let a = 4150 + -3021. What is the remainder when a is divided by 10?
9
Let m be 51/12 + 2*1/(-8). Suppose 20*o - 25*o = -910. Suppose -4*f - o = w - m*w, -3*f = -3*w + 183. Calculate the remainder when w is divided by 16.
14
Suppose 3*z - 538 = 146. Suppose -435 - z = -3*j. What is the remainder when j is divided by 4?
1
Let l(s) = -4*s**2 + s**3 - 2 - 8*s**2 + 8*s + 13*s**2 - 5*s**2. Calculate the remainder when l(6) is divided by 11.
8
Suppose -4*o - 18 = -o. Let v(c) = 2*c**2 + 7*c + 11. Calculate the remainder when v(o) is divided by 28/(-14) - (-1 - 22).
20
Let o = -43 + 34. Let q(l) = 4*l**2 + 87*l - 25. What is the remainder when q(-23) is divided by ((-46)/3)/(3/o)?
44
Suppose -47*o = -45*o - 14. Suppose -o*g - 4*g = -341. What is the remainder when g is divided by 4?
3
Let g = -34 + 220. Suppose 6*v = 342 - g. What is the remainder when v is divided by 10?
6
Let t(m) = 95*m + 22. Let z(k) = 96*k + 21. Let y(p) = -5*t(p) + 4*z(p). Let h be y(-3). Suppose 5*c - h = -97. What is the remainder when 238 is divided by c?
28
Let p = 390 - 355. What is the remainder when 137 is divided by p?
32
Let h(u) be the second derivative of 5*u**3/6 + 159*u**2/2 + 22*u. What is the remainder when 56 is divided by h(-31)?
0
Let g = -14350 - -15462. Calculate the remainder when g is divided by 86.
80
Suppose 960 = 106*j - 58*j. What is the remainder when 73 is divided by j?
13
Suppose 13*m - 4859 + 12971 = 0. Let p = m + 691. Calculate the remainder when p is divided by 26.
15
Let a be -1 + 38*2/20*5. Suppose 5*g + a = 153. What is the remainder when 74 is divided by g?
20
Let f = 1369 + -1354. Let c(w) = w**3 - 4*w**2 - 40*w + 21. Calculate the remainder when c(9) is divided by f.
6
Let r be -5 - -1 - 18/(-2). Calculate the remainder when (1175/10)/r*(-4)/(-2) is divided by 10.
7
What is the remainder when 124 is divided by (-5)/(1/(-6) - (-21)/882)?
19
Suppose -14*p - 2*p + 27777 = 31*p. Calculate the remainder when p is divided by 194.
9
Let a be 2/120*10 + 2/(-12). Suppose -23*o + 7043 - 189 = a. Calculate the remainder when o is divided by 30.
28
Suppose 4*a = a + 12. Suppose a*s = s + 42. Suppose 52*b - 2299 - 209 = -14*b. What is the remainder when b is divided by s?
10
What is the remainder when 320/(2*(-133)/(-196) + 30/(-35)) is divided by 27?
19
Let c be ((-3)/24*-166)/((-4)/(-32)). Suppose c = -81*x + 82*x. What is the remainder when x is divided by 14?
12
Suppose u - 4*a - a = 20, 5*u - 31 = 2*a. Suppose -3*f - 2*k + 226 - 8 = 0, 360 = u*f + 4*k. What is the remainder when f is divided by 6?
4
Suppose -3*i - 13 = -5*i - 5*u, -i - 5*u = 11. What is the remainder when 80 + 0 + -2 + 4 is divided by i?
10
Suppose -f + 11 = -4*r, -6*f = -0*r + 5*r - 66. Calculate the remainder when 498 is divided by f.
3
Suppose 0 = -17*u + 18*u - 4*x - 70, -4*x - 8 = 0. Calculate the remainder when 311 is divided by u.
1
Let g(b) = 2*b**2 - 18*b + 58. Let z be g(15). Let i = z + -215. Calculate the remainder when 67 is divided by i.
21
Calculate the remainder when 958 - 0 - (21/9*-3 - -2) is divided by 29.
6
Let t be ((0 - 0)/2)/2. Let h be t + 2 + (6 - 1). Suppose -4*m - h = f - 8*m, 5*m = -3*f + 47. Calculate the remainder when 53 is divided by f.
8
Let x = 282 + -184. Suppose 18*q + 487 = 23*q + 2*r, -r + x = q. What is the remainder when q is divided by 28?
13
Let b be (-9)/(-3)*(-40)/(-24). Let o(k) = -2*k**2 + 68*k + 9. What is the remainder when o(b) is divided by 75?
74
Suppose 199*q - 197*q = -5*u + 358, 66 = u - q. What is the remainder when 628 is divided by u?
68
Let o = -22 - 11. Let c = o - -33. Suppos